 divided by 557?
34
Calculate the remainder when 25525 is divided by 593.
26
Calculate the remainder when 219004 is divided by 811.
34
What is the remainder when 43183 is divided by 511?
259
Calculate the remainder when 1049 is divided by 44.
37
What is the remainder when 14296 is divided by 713?
36
What is the remainder when 220077 is divided by 4?
1
Calculate the remainder when 10888 is divided by 476.
416
Calculate the remainder when 11603 is divided by 5789.
25
Calculate the remainder when 6037 is divided by 1972.
121
Calculate the remainder when 4352 is divided by 131.
29
Calculate the remainder when 373616 is divided by 186790.
36
Calculate the remainder when 41596 is divided by 50.
46
What is the remainder when 225286 is divided by 35?
26
What is the remainder when 3786 is divided by 1259?
9
What is the remainder when 1413 is divided by 109?
105
What is the remainder when 10039 is divided by 82?
35
Calculate the remainder when 664 is divided by 240.
184
Calculate the remainder when 57619 is divided by 81.
28
What is the remainder when 13327 is divided by 4145?
892
Calculate the remainder when 11000 is divided by 193.
192
Calculate the remainder when 383 is divided by 341.
42
Calculate the remainder when 6456 is divided by 518.
240
What is the remainder when 29628 is divided by 570?
558
Calculate the remainder when 1760 is divided by 161.
150
Calculate the remainder when 433 is divided by 3.
1
What is the remainder when 121077 is divided by 52?
21
Calculate the remainder when 2288 is divided by 193.
165
What is the remainder when 4937 is divided by 693?
86
Calculate the remainder when 299924 is divided by 775.
774
What is the remainder when 138970 is divided by 545?
540
What is the remainder when 12025 is divided by 5866?
293
What is the remainder when 20048 is divided by 20048?
0
Calculate the remainder when 745 is divided by 145.
20
Calculate the remainder when 8064 is divided by 350.
14
What is the remainder when 57657 is divided by 330?
237
Calculate the remainder when 3472 is divided by 272.
208
What is the remainder when 18725 is divided by 294?
203
What is the remainder when 4130 is divided by 411?
20
Calculate the remainder when 4681 is divided by 573.
97
What is the remainder when 71747 is divided by 62?
13
What is the remainder when 27405 is divided by 13673?
59
What is the remainder when 223007 is divided by 69?
68
What is the remainder when 394629 is divided by 243?
240
What is the remainder when 2404509 is divided by 207?
204
Calculate the remainder when 3172 is divided by 246.
220
Calculate the remainder when 41074 is divided by 3733.
11
Calculate the remainder when 93058 is divided by 46529.
0
Calculate the remainder when 1932890 is divided by 771.
764
What is the remainder when 10831 is divided by 10816?
15
What is the remainder when 66 is divided by 7?
3
Calculate the remainder when 112320 is divided by 76.
68
What is the remainder when 66822 is divided by 6680?
22
What is the remainder when 1695 is divided by 122?
109
What is the remainder when 19672 is divided by 19?
7
What is the remainder when 2162 is divided by 923?
316
What is the remainder when 6931 is divided by 198?
1
What is the remainder when 300828 is divided by 2245?
2243
Calculate the remainder when 101331 is divided by 30.
21
Calculate the remainder when 5685 is divided by 1891.
12
What is the remainder when 281707 is divided by 286?
283
What is the remainder when 3324625 is divided by 207?
205
What is the remainder when 4929201 is divided by 457?
456
Calculate the remainder when 11117 is divided by 1583.
36
Calculate the remainder when 1645 is divided by 502.
139
Calculate the remainder when 41637 is divided by 8326.
7
Calculate the remainder when 39037 is divided by 1700.
1637
Calculate the remainder when 188756 is divided by 56.
36
What is the remainder when 279263 is divided by 27925?
13
What is the remainder when 8457 is divided by 134?
15
Calculate the remainder when 8030 is divided by 67.
57
What is the remainder when 188429 is divided by 997?
993
Calculate the remainder when 110757 is divided by 20.
17
Calculate the remainder when 776298 is divided by 101.
12
What is the remainder when 14805 is divided by 142?
37
Calculate the remainder when 230135 is divided by 32874.
17
What is the remainder when 21792 is divided by 752?
736
Calculate the remainder when 6629 is divided by 214.
209
Calculate the remainder when 2534 is divided by 485.
109
What is the remainder when 733490 is divided by 163?
153
What is the remainder when 719100 is divided by 239696?
12
Calculate the remainder when 1253 is divided by 145.
93
What is the remainder when 3258 is divided by 159?
78
Calculate the remainder when 121973 is divided by 28.
5
Calculate the remainder when 146459 is divided by 398.
393
Calculate the remainder when 955738 is divided by 4.
2
What is the remainder when 214612 is divided by 214611?
1
Calculate the remainder when 6549 is divided by 2180.
9
Calculate the remainder when 891596 is divided by 600.
596
Calculate the remainder when 1573245 is divided by 136.
133
Calculate the remainder when 12449 is divided by 777.
17
Calculate the remainder when 16321 is divided by 16195.
126
What is the remainder when 469565 is divided by 124?
101
What is the remainder when 26521 is divided by 540?
61
Calculate the remainder when 63950 is divided by 11.
7
Calculate the remainder when 74018 is divided by 73990.
28
Calculate the remainder when 274 is divided by 97.
80
What is the remainder when 46135 is divided by 88?
23
What is the remainder when 1435 is divided by 172?
59
Calculate the remainder when 2613 is divided by 2606.
7
Calculate the remainder when 55107 is divided by 5.
2
Calculate the remainder when 348208 is divided by 119.
14
Calculate the remainder when 200048 is divided by 384.
368
Calculate the remainder when 6949 is divided by 911.
572
What is the remainder when 591 is divided by 102?
81
What is the remainder when 3374 is divided by 71?
37
What is the remainder when 63014 is divided by 335?
34
Calculate the remainder when 2334 is divided by 6.
0
What is the remainder when 4404 is divided by 221?
205
What is the remainder when 456747 is divided by 691?
687
Calculate the remainder when 10554 is divided by 245.
19
Calculate the remainder when 13847 is divided by 924.
911
What is the remainder when 71126 is divided by 68?
66
Calculate the remainder when 733 is divided by 456.
277
What is the remainder when 18391 is divided by 80?
71
Calculate the remainder when 6548 is divided by 234.
230
What is the remainder when 4089 is divided by 4044?
45
What is the remainder when 773 is divided by 223?
104
Calculate the remainder when 6484 is divided by 150.
34
Calculate the remainder when 586786 is divided by 117357.
1
What is the remainder when 148612 is divided by 155?
122
Calculate the remainder when 1798 is divided by 1012.
786
Calculate the remainder when 1021 is divided by 510.
1
Calculate the remainder when 1603897 is divided by 43.
40
What is the remainder when 3111 is divided by 336?
87
What is the remainder when 4831 is divided by 2396?
39
What is the remainder when 613859 is divided by 15?
14
Calculate the remainder when 2045594 is divided by 301.
299
Calculate the remainder when 1534 is divided by 439.
217
Calculate the remainder when 13137 is divided by 9.
6
Calculate the remainder when 27079 is divided by 430.
419
What is the remainder when 195619 is divided by 22?
17
Calculate the remainder when 31156 is divided by 294.
286
Calculate the remainder when 1594264 is divided by 335.
334
Calculate the remainder when 525154 is divided by 40.
34
Calculate the remainder when 523674 is divided by 356.
354
Calculate the remainder when 266217 is divided by 108.
105
Calculate the remainder when 9278 is divided by 331.
10
Calculate the remainder when 13897 is divided by 1779.
1444
What is the remainder when 6970 is divided by 3447?
76
What is the remainder when 259844 is divided by 9?
5
Calculate the remainder when 7230 is divided by 65.
15
What is the remainder when 69934 is divided by 57?
52
Calculate the remainder when 199936 is divided by 65.
61
Calculate the remainder when 519587 is divided by 153.
152
What is the remainder when 1423 is divided by 664?
95
C